*z + r = -2*g - 11, 0 = 4*z - 4*g - 12. Suppose z*j = 4*j + 12. List the prime factors of j.
2, 3
What are the prime factors of (-164)/32*2*(-21 + 1)?
5, 41
Let r(c) = 13*c**3 - c**2 - 3. List the prime factors of r(2).
97
Let c = -6 - -10. Suppose 2*x + 14 = b + 6, 0 = -4*b - c*x + 56. What are the prime factors of b?
2, 3
Suppose 5*z + 91 = -3*t, 0*z - z - 2*t = 21. Let f = z - -25. List the prime factors of f.
2
Let f be ((-260)/8 + -2)*2/(-3). Let g be ((-6)/5)/(2/(-5)). Suppose -g*d = -2*o + f, -5 + 17 = -2*o - 4*d. List the prime factors of o.
2
Let k = 54 + 29. What are the prime factors of k?
83
Let g(h) = 6*h**2 - 3*h + 2. List the prime factors of g(1).
5
Let h be (4/(-6))/((-4)/6). List the prime factors of h*3*(-170)/(-15).
2, 17
List the prime factors of (4 - 57 - -3)*-1.
2, 5
Let y(s) = -s**2 - 7*s + 2. Let l be y(-6). Suppose -k + l = k. Suppose 3*n + k = -3*r - 2*n, 4*r - n - 33 = 0. List the prime factors of r.
7
Suppose -3*d = -54 - 3. List the prime factors of d.
19
Let g(s) = s**2 - 1. Let n be g(-3). Suppose -2*q + 2 = l, 4*l + q - 2*q - n = 0. What are the prime factors of 3*l/(-9)*-18?
2, 3
Let x(y) = -5. Let i(h) = h + 1. Let r(d) = 2*i(d) + x(d). Let b = 0 - -7. What are the prime factors of r(b)?
11
Suppose -13*a - 235 = -14*a. What are the prime factors of a?
5, 47
Suppose -4*j = -2*j + 3*r - 10, 0 = 4*j - 5*r - 20. Suppose -37 = -j*c - 2*v, 5*v = -4*c - 8 + 41. What are the prime factors of c?
7
Suppose -5*n = -173 - 27. What are the prime factors of n?
2, 5
Suppose 5*q - 5 = p, 0*p - 5*p + q + 23 = 0. Suppose m + 24 = p*m. List the prime factors of m.
2, 3
Suppose -6*z + 48 = -2*z. Let p = z + -18. List the prime factors of 148/12 + 2/p.
2, 3
Suppose -46 = -3*d - 4*z, 0 = 2*d + 4*z - 5*z - 49. List the prime factors of d.
2, 11
Let a be 4 - (12/(-4) + 10). What are the prime factors of (1/a)/(6/(-360))?
2, 5
Let d(p) = p**3 + p**2 + 1. Let k(g) = 2*g**3 - 11*g**2 - 5*g + 16. Let j(t) = d(t) - k(t). List the prime factors of j(12).
3, 5
Suppose -2*p - 2*p + 184 = 0. List the prime factors of p.
2, 23
Let c(w) = 8*w**2 + 1. Let b be c(1). Let p = 15 + b. What are the prime factors of p?
2, 3
Let u = 3 - -1. Suppose 4*p - u = 56. What are the prime factors of (16/20)/(1/p)?
2, 3
What are the prime factors of (15 + -5)*(-48)/(-10)?
2, 3
Let z(b) = -b**3 + 7*b**2 - 6*b + 2. What are the prime factors of z(6)?
2
Suppose 2 + 0 = -y - h, 0 = -2*h - 10. What are the prime factors of y?
3
Suppose s = 4*v - 2*s - 938, -228 = -v + 4*s. List the prime factors of v/13 + 8/(-52).
2, 3
Let h(a) = 7*a**2 + 20*a + 2. List the prime factors of h(-6).
2, 67
Let y(n) be the third derivative of n**5/60 + n**4/12 + n**3/2 + n**2. Let o be (12 + -2)*(-4)/10. List the prime factors of y(o).
11
Let k(g) = -g**2 + 16*g - 22. What are the prime factors of k(11)?
3, 11
Suppose 4*i - 3*a - 11 = 0, -4*i + 13 = a - 10. Let r = 16 - i. Let p = r + 0. What are the prime factors of p?
11
List the prime factors of 4 + (23 + 2)*1.
29
Let r = -65 + 38. Suppose d - 114 = -2*d. Let y = d + r. List the prime factors of y.
11
Let i = 0 + 2. Suppose i*n - n = 11. List the prime factors of n.
11
Suppose 75 = w - 19. What are the prime factors of w?
2, 47
Let i(o) = o**2 - 7*o. List the prime factors of i(11).
2, 11
Suppose 0 = m - 0*m - 5. Suppose 15 = m*y - 2*c, y = 3*y - 2*c. Let j(q) = q**3 - 5*q**2 - q + 7. List the prime factors of j(y).
2
Let f(g) = -4 + 7*g - g**2 - 6*g - 10*g. What are the prime factors of f(-6)?
2, 7
Let l be (-20)/5*1/(-2). Suppose -12 = -0*o - l*o. What are the prime factors of o?
2, 3
Let n(q) = q**2 - 7*q + 17. List the prime factors of n(-9).
7, 23
Let v(k) = -22*k + 4. List the prime factors of v(-1).
2, 13
Let d = -93 + 161. What are the prime factors of d?
2, 17
Let w be (1 - 2/6)*6. List the prime factors of (0 + -2)/(w/(-28)).
2, 7
Let f(i) = -3*i**2 - 8*i + 4. Let x(g) = 7*g**2 + 16*g - 7. Let d(p) = 9*f(p) + 4*x(p). Let a be d(7). What are the prime factors of 0 + a/(3/15)?
5
Let r = 2 - -1. Suppose r*b - 12 = -b - 3*x, 0 = -3*b + 5*x + 9. Suppose -k = b*k - 36. What are the prime factors of k?
3
Let c(d) = 5*d**3 - d**2 - d + 1. Let u be c(1). Suppose u*y - 3*v - 19 - 18 = 0, -2 = y - 3*v. What are the prime factors of y?
13
List the prime factors of (-8)/(-20) + (-909)/(-15).
61
Suppose -5*u + 4*u = 4*d - 19, 2*d = -4*u + 34. List the prime factors of u.
7
Suppose -2*n = 3*n - 15. Suppose 15 = n*y - 6. Suppose -25 = -5*q + x - y, 2*q + 4*x + 6 = 0. What are the prime factors of q?
3
Let r = 133 - 52. What are the prime factors of r?
3
Let o be -1*(0 + 1/(-1)). Let y be (-2)/4*4*o. List the prime factors of y + 5 + 8 - -2.
13
Let q(u) = u**2 + 13*u - 3. Let k be q(-6). Let n be 18/k - 44/(-10). Suppose 2*g - n*g = -42. What are the prime factors of g?
3, 7
Suppose 0 = -34*t + 29*t + 190. What are the prime factors of t?
2, 19
Suppose 2*d - 8 - 3 = -f, f = 4*d + 5. Let w(h) = -h + 13. List the prime factors of w(f).
2
Let t(l) = l**3 - l**2 + 2*l - 1. Let p be (4 - (2 + 0))*1. Let c be p/8 + (-7)/(-4). What are the prime factors of t(c)?
7
Suppose -5*b + 5*w + 795 = 0, 7*b - 6*b + 5*w - 183 = 0. What are the prime factors of b?
163
Let z(q) be the second derivative of 1/20*q**5 - 1/2*q**4 + q - 9/2*q**2 - 1/2*q**3 + 0. List the prime factors of z(7).
19
Suppose 64 = 7*b - 3*b. Suppose 14 = 3*k - b. List the prime factors of k.
2, 5
Let q be (-10)/(-6) - (-2)/6. Let b be 2 + 6 + q/1. Suppose 4*j = -2*y + 46, b + 10 = 4*j. List the prime factors of y.
13
Suppose 6*m - 3*m - 27 = 5*z, -14 = -2*z - 5*m. What are the prime factors of z*(-3 - 0) - 0?
3
Suppose n = 4*n - 33. Let y = n + 1. Suppose -10*t + y*t = 22. What are the prime factors of t?
11
Let p(k) = -4*k**3 + k**2 + k. Let q be p(-1). Suppose 0 = -q*b + 9 + 11. What are the prime factors of b?
5
Let o(t) = -t**2 - 8*t - 6. List the prime factors of o(-4).
2, 5
Let d(j) = -j**3 - 6*j**2 - 2*j - 1. Let v(b) = 2*b + 10. Let m be v(-8). What are the prime factors of d(m)?
11
Let f(t) = -t**3 + 4*t**2 - 3*t - 4. Let l be f(3). Let g = 1 - l. Suppose -q - 4*x + 10 = 0, -4*x + 8 + 26 = g*q. List the prime factors of q.
2, 3
Suppose 0*p - 10 = -2*p. Suppose -2*n = p*o - 4*o - 22, n = -o + 9. What are the prime factors of n?
13
Let s(k) = k**2 - 2*k + 1. Let q(x) = -x**3 + 5*x**2 + 5*x + 4. Let i be q(6). Let c be 1/2 + 5/i. List the prime factors of s(c).
3
Suppose -s + 7 - 4 = -2*p, 5*p + s = 3. Let k be (p - -5)*(-12)/15. What are the prime factors of (-1)/k + (-44)/(-16)?
3
Let j = -54 - -77. Let b = j + -15. Suppose 3*a - b*a + 3*w = -47, -4*a = 5*w - 45. List the prime factors of a.
2, 5
Suppose -7*s + 130 = 3*s. Suppose 3*v = -v + 32. Suppose s = m - v. List the prime factors of m.
3, 7
Suppose y + 1 = u, 0*u = -u - 2*y + 16. Let f = u + 2. What are the prime factors of f?
2
Suppose -3*h = -2*h - 6. Let m(p) = -3*p**3 - 15*p**2 - 13*p. Let i(n) = 4*n**3 + 22*n**2 + 19*n. Let x(t) = -5*i(t) - 7*m(t). List the prime factors of x(h).
2, 3
Suppose 4*z - 9 = 7. Suppose 8 = -z*f + 5*f. What are the prime factors of f?
2
Let g(c) = -1. Let h(r) = -2*r + 10. Let w(y) = -30*g(y) - 3*h(y). Let n be w(1). Suppose j = n*j - 20. What are the prime factors of j?
2
Suppose q + q = 4. Suppose -6*v + 15 = -3*i - 3*v, q*i = 3*v - 15. Suppose 2*l + c - 24 = i, -4*l - l - 4*c = -63. What are the prime factors of l?
11
Let a = 14 - 10. Suppose 37 = 5*g + 7. Suppose 3*f - a*u - 17 = 0, -39 = f - g*f - 4*u. What are the prime factors of f?
7
Let n be 2/(-6) + 1/3. Let t = n + 6. What are the prime factors of 52/t - (-8)/(-12)?
2
Let i(s) = s + 14. Suppose v = -3*y - 2, -2*y + 47 - 11 = -4*v. Let u be i(v). Suppose 4*j = -5*h + u + 11, 5*j - 2*h - 13 = 0. What are the prime factors of j?
3
Let f(p) = p**2 + p - 1. What are the prime factors of f(2)?
5
Let x(r) = 5*r - 75. What are the prime factors of x(28)?
5, 13
Let u(j) = j + 3. Let a be u(6). Suppose -3*c = -9, 4*c - c = m + a. Suppose -l + 6 = -m*l. List the prime factors of l.
2, 3
Suppose -2*k = -5*y - 41, 19 = -k + 2*k - y. Suppose -t - 4*v = -k, 5*v - 4*v = 4. List the prime factors of t.
2
Suppose -f = -4*f + 9. Suppose -61 + 16 = -f*b. List the prime factors of b.
3, 5
Let c(h) be the third derivative of 5/24*h**4 + 1/3*h**3 